= -i + 1. What is the units digit of l?
6
Let j(b) be the second derivative of b**5/20 - b**4/3 - 2*b**3/3 - b. Let s be j(5). Suppose s*o - 30 = -0*o. What is the units digit of o?
6
Suppose -2*d = -0*x - 3*x - 69, d = 4*x + 47. What is the tens digit of d?
2
Suppose 153 = 3*n + 33. Suppose 6 = 3*v, 2*x + 2*x - 2*v = n. Let c(h) = -h**2 + 12*h + 9. What is the tens digit of c(x)?
2
What is the tens digit of 476/10 + 12/30 + 3?
5
Let x(k) = k**2 - 6*k - 3. Let b be x(9). Let a = -8 + b. Suppose 3*z - z = a. What is the units digit of z?
8
Let g be (-2 + 2)/(-1 - -2). Let y = -5 - -9. Suppose y*f - 60 = -g*f. What is the units digit of f?
5
What is the tens digit of ((-93)/6)/1*-2?
3
Let w = 2 - -30. What is the tens digit of w?
3
Let m be 39/(-9) + 4/(-6). Let s(a) = -a**3 - 4*a**2 + a - 5. Let i be s(m). Suppose -i = -9*t + 4*t. What is the units digit of t?
3
Suppose 5*o = -92 - 28. Let c = -11 - o. Let i = c - 9. What is the units digit of i?
4
What is the units digit of 22 - (4 + (-3 - 4))?
5
Let g(n) = -n**3 + 10*n**2 - 12*n + 5. What is the units digit of g(8)?
7
Let u be ((-1)/(-2))/(2/12). Suppose -u*k + 7*m - 2*m = 4, 3*m = -2*k + 29. What is the units digit of k - 0 - 1*2?
5
Suppose -269 = -4*j - 17. What is the units digit of j?
3
Let p(u) = 7*u - 9. Let q be (-10)/4*(-20)/10. What is the units digit of p(q)?
6
Let d be 1*(57/3 + -2). Let u be 9/2*32/12. Let i = d - u. What is the units digit of i?
5
Let k(z) = z + 1. Let m be k(-5). Let v(s) = -5*s - 5. Let p be v(m). Suppose -4*c + 1 = -p. What is the units digit of c?
4
Let x = 13 - -8. Suppose -s = 2*s - x. What is the units digit of s?
7
Let z be 1 - (3 - (2 + 1)). Let y = 2 - z. What is the units digit of y?
1
Suppose 4 = 3*q - 2. Suppose 2*r = -2*z + 2, 0 = -r + 5*r + q*z - 6. Suppose -3*h - r*c + 1 = 0, -4*h = -h + c - 5. What is the units digit of h?
3
Suppose 3*o + 11*g = 10*g + 669, -4*g + 1108 = 5*o. What is the tens digit of o?
2
Let r be ((-8)/(-6))/(4/6). Suppose r*s - 2*y = 3*s - 6, y - 24 = -4*s. Suppose -20 = -5*h - q, -h + s*h - 20 = 3*q. What is the units digit of h?
4
Suppose 0 = 3*w, 2*c - w = -0*w - 336. What is the tens digit of c/(-4) - 0/(-2)?
4
Suppose 2*m + 9 = 115. Suppose -2*n + 133 = m. What is the units digit of n?
0
Let s = 9 - 6. Suppose 12 = s*v - 0. What is the units digit of v/22 - 258/(-33)?
8
Let t = 61 - -39. What is the units digit of t?
0
Let l be (-1)/2 - 56/16. Let x = l + 6. What is the units digit of x?
2
Let d(l) = -l**3 - 7*l**2 - 9*l - 9. Suppose -4*p = -4, 2*p - 34 = -4*s - 0*p. Suppose 4*y + 10 = i - 15, 2*y = -4*i - s. What is the units digit of d(y)?
9
Suppose -v = 3*k - 15, v - 5*v - 5*k = -32. Let s be 8/2*v/12. Let o = s + 9. What is the tens digit of o?
1
Let g(z) = -9*z**2 + 0*z**3 + 9*z - 2 - 1 - z**3 - 2. What is the units digit of g(-10)?
5
Let z be 2 + (2 - -1) - 0. What is the units digit of z - (0 - -2) - -5?
8
Let q(k) = k + 1. Let d be q(3). Suppose -4*o = d*t - 200, -5*o + t + 134 = -98. Suppose 0 = 5*s - o - 3. What is the tens digit of s?
1
Let a(t) = -6*t**3 - 4*t**2 - 3*t - 3. What is the tens digit of a(-2)?
3
Suppose a = 2*a - 4. Suppose 21 = a*y - 15. What is the units digit of y?
9
Let w(v) = v + 4. Let c be w(0). Suppose -c = -r + 17. What is the units digit of r?
1
Let m = -202 + 456. What is the units digit of m?
4
Let f(n) = 18*n + 8. Let q be f(-5). Let b = q + 119. What is the tens digit of b?
3
Let b(z) = -z**3 + 7*z**2 - 5*z - 2. Let k be b(6). Suppose 4*m + 3 = 23. Suppose n + 5 = 0, k*c - m*n - 30 = 75. What is the tens digit of c?
2
Suppose -l - 2 = -2*l. Let n be 3/(1 - (-1)/l). Suppose -5*r - 4*i - 3 = -13, n*r + 5*i = -13. What is the units digit of r?
6
Let d(m) be the first derivative of 3*m**2/2 - m + 1. Let t = -25 + 28. What is the units digit of d(t)?
8
Let p be (-12 - 0)*2/(-3). Let d(f) = -f**3 + 9*f**2 - 8*f + 2. What is the units digit of d(p)?
2
Let n(w) = w**2 + 3*w - 3. Let q(f) = -f**2 + 1. Let t be q(2). Let x be n(t). What is the units digit of (x/(-2))/(2/4)?
3
Let u be 3/(-2*9/(-120)). Suppose -3*t - t + u = 0. What is the units digit of t?
5
Let c be ((-12)/7)/(10/175). Let w = c - -50. What is the tens digit of w?
2
Suppose 3*h + 56 - 20 = 4*c, 3*h + 42 = 5*c. What is the units digit of c?
6
What is the units digit of (3674/12)/11 + (-3)/(-18)?
8
Let x = 88 - -27. What is the tens digit of x?
1
Let f be -2 - -5 - (-4 + 7). Suppose f = -2*p + 4*p - 66. What is the units digit of p?
3
Let i = 155 - 62. Let u = i - 60. Let g = u - 23. What is the units digit of g?
0
Let w(g) = -g**3 + 17*g**2 - 10*g + 36. What is the hundreds digit of w(15)?
3
Let t(n) = -3*n + 2. Let b be t(-7). Let w = b + -16. What is the units digit of 40/w + 8/28?
6
Suppose -4*r = 39 - 191. Suppose 2*m = -4*a - a + 67, -2*a = -2*m - r. What is the tens digit of a?
1
Let v be 0*(3/2 + -1). Let q(p) = p. Let z(x) = 3*x + 6. Let i(r) = -4*q(r) + z(r). What is the units digit of i(v)?
6
What is the units digit of (4/2 + -16)/(4/(-26))?
1
Let w(q) = q + 1. What is the units digit of w(17)?
8
Let p = -6 + 22. What is the units digit of p?
6
Let r(i) = -4*i**3 - 3*i**2 - i - 3. Let b be r(-3). Suppose 7*t = 10*t - b. What is the tens digit of t?
2
Let l(y) = 7*y**2 - 4*y - 26. What is the units digit of l(6)?
2
Suppose w + 3*p - 23 + 6 = 0, 0 = -5*w + 2*p. Suppose u + 0 = 2. Suppose u*j + 2 + 2 = -2*s, w = 5*s + 2*j. What is the units digit of s?
2
Let j = -1 - -3. Let w be (-15)/(-4) + 9/36. Suppose w*u - j*u = 4. What is the units digit of u?
2
Let z = -2 + 7. Suppose 2*n + z*t - 13 = 4*t, -6 = n - 2*t. Let o = n - -1. What is the units digit of o?
5
Let z(q) = q**3 - 2*q**2 + q - 6. What is the tens digit of z(4)?
3
Suppose 9 + 12 = -3*f. Let g = f - -10. What is the units digit of g?
3
Let o(h) = -h**2 - 3*h + 4. Let n be o(-3). Suppose -3*k = 0, -n*y + 6 + 14 = -4*k. What is the units digit of y?
5
Let i = 52 - 27. What is the tens digit of i?
2
Let z(h) = 4*h**3 - h**2 - 2*h - 1. Let c be z(-1). Let j = c - -16. What is the units digit of j?
2
Suppose -12 = 3*n - 0. Let j(v) = -3*v - 1. What is the tens digit of j(n)?
1
Let s(d) = -d**2 - d + 5. Let t be s(5). Let p = -20 - -56. Let u = t + p. What is the tens digit of u?
1
Let g = 171 - 93. What is the units digit of g?
8
Let o(f) = 3*f**2 - f + 1. Suppose 2*r = 5*g + 13, 9 = 3*r - g + 4*g. What is the units digit of o(r)?
5
Suppose a + a - 96 = 0. What is the units digit of a?
8
Suppose 0 = 4*w + w - 25, -4*b + w + 151 = 0. What is the units digit of b?
9
Let u(j) = 2*j**2 - 5*j + 2. Let q be -2*(-2 + 2 + -2). What is the units digit of u(q)?
4
Let u(s) = 26*s**2 + 14*s + 24. What is the tens digit of u(-2)?
0
Let l(c) = -c**2 - c + 10. Let x be l(0). Let y(b) = b + 14. What is the units digit of y(x)?
4
Let g(p) = p**2 + 10*p. Let c be g(-10). Suppose v - 13 + 0 = c. What is the tens digit of v?
1
Let k(r) = -r**2 + 7*r + 3. Let p be k(7). Let v(i) = i**p - 2*i - 4 + 4*i**2 + 1 + 1. What is the tens digit of v(-2)?
1
Let z = -38 + 119. What is the tens digit of z?
8
Suppose 3*o - 3 = -a + 13, 3*a - 36 = -5*o. Let g = 0 + a. What is the units digit of g?
7
Let z(d) = -11*d - 2 + 1 + 0*d + 2. What is the tens digit of z(-1)?
1
Let t = -11 - -8. Suppose 4*h = -9 + 1. Let k = h - t. What is the units digit of k?
1
Suppose -3*w - g + 301 = 0, 112 = 5*w - 4*g - 418. What is the units digit of w?
2
Let v(m) = m**2 + 5*m + 3. Suppose -14 - 26 = 5*o. Let z(f) = -f**3 - 8*f**2 + 2*f + 9. Let u be z(o). What is the tens digit of v(u)?
1
What is the tens digit of 5*(-4)/(-10) + 76?
7
Suppose -l + 0*h + h = -6, 2*l = 4*h + 18. Suppose 2*g - 24 = b, -2 = -l*g + 3*b + 28. What is the units digit of g?
4
Let o = -3 + 6. Suppose i + 28 = o*i. Suppose 0 = -3*l - 2*a + 42, -l + i = 2*a - a. What is the tens digit of l?
1
Let d(x) = x**2 + x - 8. What is the tens digit of d(-6)?
2
Let y = 2 - 1. What is the units digit of y?
1
Suppose o - 1 = 0, 0*g + 2*g + o = 9. Suppose -7 = -g*h - 19. Let w = h + 7. What is the units digit of w?
4
Let s(y) = 2*y**2 - 10*y - 1. Let n be s(8). Suppose n = 5*v - 133. Suppose v = 4*w - 0*w. What is the units digit of w?
9
Suppose -4*w + 532 = -0*w. What is the units digit of w?
3
Suppose o + 7 = 2*t - 7*t, -o + 3*t = -9. Let g(v) = -2*v*